et z be w(6). What is the greatest common factor of z and 40?
8
Suppose 2*a - 4*a = 6*a. Suppose a = 4*f + 4*h - 352, -8*h + 12*h = -f + 97. What is the greatest common divisor of f and 1275?
85
Suppose 0 = -3*t + 2*q + 23, t - 4 = 5*q - 5. Let p be (-18858)/147 + 2/7. Let w = p + 146. Calculate the highest common divisor of w and t.
9
Let x(t) = -t + 26. Let f be x(13). Suppose f = -5*m + 53. Calculate the greatest common factor of m and 176.
8
Suppose -7*c + 777 = -126. Let o = c - 107. Calculate the greatest common factor of 198 and o.
22
Let o be (180/16)/5*(-48)/(-2). Let u be o/15 + 3/(-5) + 1. Let g be ((2 + 0)/(-2))/(u - 5). Calculate the greatest common divisor of g and 4.
1
Suppose -12*o + 17*o = 95. Let q(c) = -10*c**2 + 5*c + 3. Let k be q(3). Let d = k - -129. What is the greatest common divisor of o and d?
19
Let d = -14807 - -14976. Calculate the greatest common factor of 6019 and d.
13
Suppose 949*c + 18360 = 961*c. What is the highest common divisor of c and 425?
85
Suppose 72*f - 58400 = 22*f. Calculate the highest common divisor of 32 and f.
16
Let b(l) = 9*l**3 - 3*l**2 - 36*l + 155. Let x be b(5). What is the greatest common factor of x and 41?
41
Suppose 250*g - 34026 = -1526. Calculate the highest common factor of g and 560.
10
Suppose -3*p + 142 - 781 = 0. Let y be (-15)/20 - p/12. Let f(j) = 58*j - 877. Let z be f(16). What is the greatest common factor of y and z?
17
Let t = -14546 + 14550. What is the highest common divisor of 3406 and t?
2
Let x be (405/12)/((-84)/32 + 3). Suppose 9*i - 45 = x. Let p be -4 + -4 + 3/3 + i. Calculate the highest common factor of 20 and p.
4
Let p(i) be the third derivative of i**6/120 - 3*i**5/10 + 11*i**4/8 - 33*i**2. Let b be p(16). What is the greatest common divisor of 104 and b?
8
Let t be (128/12 + -4)*12/10. Suppose t = 5*p - 187. Let v = p - 24. Calculate the greatest common divisor of 45 and v.
15
Let h = -30 + 8. Let o = -2 - h. Let n = -849 - -949. What is the greatest common factor of o and n?
20
Let j(x) = 4*x + 134. Let b be j(-34). Let h be (68/(-17))/(b/3). What is the highest common divisor of h and 28?
2
Let a = -2436 + 4764. Calculate the greatest common factor of a and 120.
24
Let c(n) = -7*n**2 - 3*n - 10. Let p be c(-2). Let m be (-24)/p + (-1071)/(-12). Suppose -m = -2*j + 10. Calculate the highest common divisor of j and 20.
10
Let m be (-16 - (-26)/(-52))*6/(-1). What is the highest common factor of m and 77?
11
Let s be (-3384)/(-658)*7*3. What is the greatest common divisor of s and 1602?
18
Suppose -412 = -2*h + 2*y, 5*h + 2*y - 947 - 111 = 0. What is the greatest common divisor of 63 and h?
21
Let j be 7 - ((18 - 2)/8 + -2315). What is the greatest common divisor of 8 and j?
8
Let r be (-11)/((-143)/520) + -4. Let i be (-4)/(8/(-54))*1. What is the greatest common divisor of i and r?
9
Let j(x) = 226*x**2 - 270*x + 1098. Let l be j(4). What is the highest common divisor of 184 and l?
46
Let q = 185 + -181. Suppose 2*b + s - 943 = -q*s, -2*s + 1878 = 4*b. Calculate the greatest common divisor of b and 67.
67
Let a(z) = 6*z**2 - 15*z - 136. Let f be a(17). Suppose f*w + 528 = 1347*w. What is the greatest common divisor of w and 48?
12
Suppose -106*l + 13410 = 43*l. Let b = -211 + 331. Calculate the greatest common divisor of b and l.
30
Let i(n) = -20*n**3 + n**2 + n - 2. Let w be i(-2). Suppose -5*k = 20 - w. Suppose 2*v - k = v. Calculate the highest common divisor of 28 and v.
28
Suppose 0 = -2*s - 6, 2*c + 5*s - 6*s = 179. Let q = -83 + c. Suppose 4*l + 105 = -q*k + 609, 378 = 3*l - 4*k. What is the greatest common factor of l and 14?
14
Suppose 29*u - 88 = 18*u. Let g(o) = 19*o - 4. Suppose -5*t - 6 + 26 = 0. Let x be g(t). What is the highest common divisor of u and x?
8
Let b(y) = -y**3 - 3*y**2 - 9*y + 735. Let m be b(0). What is the greatest common factor of 28 and m?
7
Suppose 0 = -3*l + 3*b + 90, -l = 2*b - 11 - 10. Let u = -206 - -368. Suppose -u = 2*r - 540. What is the highest common factor of r and l?
27
Suppose 462 = -2*r - 4*r. Let m be 0 - (17031/r + 2/11). Calculate the greatest common divisor of 34 and m.
17
Let w(v) = 7*v**2 + 24*v - 88. Suppose 0 = -2*i + s + 13, -i + 59 - 80 = 5*s. Let o be w(i). Calculate the highest common factor of o and 264.
24
Suppose 9*n = -24*n - 627. Let v be (-3)/(-2)*(-26)/39 - n. What is the highest common factor of 6 and v?
6
Let l be 564/36 - (-6)/(-9). What is the highest common factor of 60 and l?
15
Suppose -486 = -x + 3*s, -8*x + 13*x - 2*s = 2495. Suppose -x = i - 516. What is the highest common factor of i and 60?
15
Suppose 73709 - 4129 = 71*w. What is the highest common divisor of w and 98?
98
Let p be (0 + (-1)/2)*4. Let g be 43 + (-1 - 0) + p. Suppose -179*r + 2935 + 1016 = -1777. Calculate the highest common divisor of r and g.
8
Let b = -3461 + 4409. What is the highest common divisor of b and 36?
12
Let r(t) = 4*t**3 - 11*t**2 - 184*t + 1180. Let g be r(6). What is the greatest common factor of g and 4828?
68
Let r(b) = 7*b**2 - 87*b + 567. Let c be r(6). What is the greatest common factor of c and 57?
3
Let t(n) = -9*n + 110. Let y be t(-20). Suppose 0 = -5*l - w + 550, -3*l + 3*w + y = -40. Calculate the highest common divisor of l and 10.
10
Let h = 854 - 259. Calculate the highest common factor of h and 5117.
119
Let m be -2*296/16*-17. What is the greatest common divisor of 153 and m?
17
Let q be 2/(-12) + (-926)/(-12) + -9. Suppose 4*m - 236 = -4*f, m + 3*f - q = 5*f. Calculate the highest common factor of 2 and m.
2
Let d = 2911 - 2887. What is the greatest common divisor of d and 105?
3
Let n be 955/5 + -56 + 57. What is the highest common divisor of 90 and n?
6
Let t(f) = -398*f**3 + 437*f**3 + 8*f + 2*f**2 - 6 - 9*f. Suppose -4*k = -k - 6. Let i be t(k). What is the greatest common divisor of 39 and i?
39
Let y(j) = 2*j**3 - 8*j**2 + 6*j + 6. Let a be y(5). Let t = a + -85. Let w be t/(-5) - ((-246)/5)/6. What is the highest common factor of w and 32?
8
Let w be (-341)/297*318/(-1) - (-1)/(-9). Calculate the highest common divisor of w and 15.
5
Suppose -2753*j = -2756*j + 1833. Calculate the highest common divisor of j and 52.
13
Suppose 526 = 19*i + 12*i + 154. Calculate the greatest common factor of i and 597.
3
Let u be (-14 - 6930/(-81)) + (-20)/(-45). What is the highest common factor of u and 176?
8
Let h = -710 - -2131. Calculate the greatest common factor of h and 49.
49
Let f(p) = -2*p**2 + p + 4. Let r be f(0). Let h = 100 - 82. Suppose r*v - 6 = h. Calculate the highest common factor of v and 48.
6
Let y = 719 + -457. Let d = -248 + y. Suppose -2*c + 103 = -b + 16, 0 = -3*c + 5*b + 141. What is the greatest common factor of c and d?
14
Let j = -77 + 161. Let q be 1178/14 + (-12)/j. Suppose -8*m = -5*m - q. Calculate the greatest common factor of m and 21.
7
Let r(n) = n**2 + 13*n - 15. Let p(x) = x**3 + 3*x - 18. Let q be p(0). Let v be r(q). Calculate the greatest common divisor of 825 and v.
75
Let k be 0*(28/8)/7. Suppose k = -13*z + 16*z - 2784. What is the greatest common divisor of z and 58?
58
Let g be 39 - (2 + 2/(-2)). Let t(v) = 3*v - 211 + 582 - 196 + 10*v. Let d be t(7). Calculate the highest common divisor of g and d.
38
Let z(s) = 24*s**3 + 9*s + 3. Let x be z(3). What is the highest common factor of 4 and x?
2
Let z be ((110/(-165))/(3/(-9)))/(8/12). Let h(u) = -3*u**3 + 2*u**2 + u. Let i be h(-1). Calculate the highest common divisor of z and i.
1
Suppose -6*b - 43 = -55. Suppose 240 = 2*x + y, -6*y = -b*y - 8. What is the highest common divisor of x and 34?
17
Suppose -4274 - 916 - 250 = -170*j. Calculate the greatest common divisor of j and 296.
8
Let q = -68 + 453. Let k(n) = -5*n + 77. Let x be k(0). What is the highest common divisor of q and x?
77
Let j(v) = 4*v - 4. Let q be j(2). Let b be q/(-22) + (-178)/(-11). Suppose 0 = 4*f - 75 - 501. What is the highest common divisor of f and b?
16
Let a = 102 - 239. Let h = -125 - a. What is the greatest common factor of h and 96?
12
Let m be (-1 + 4/(-8))/(((-99)/108)/11). Calculate the highest common factor of m and 48.
6
Let g = -13 + 25. Let u(v) = 27*v**3 + v. Let x be u(1). Let o = x - 20. Calculate the highest common factor of o and g.
4
Suppose 4*c = 12*c - 3*z - 785, 4*c = 4*z + 400. Calculate